{"id":125,"date":"2022-05-30T14:59:28","date_gmt":"2022-05-30T14:59:28","guid":{"rendered":"http:\/\/localhost:8888\/ctdr\/?post_type=recursos&#038;p=125"},"modified":"2022-06-01T07:43:04","modified_gmt":"2022-06-01T07:43:04","slug":"corporate-social-responsibility-application-to-the-industrial-bakery-and-pastry-sector-in-spain","status":"publish","type":"recursos","link":"https:\/\/www.catedradeempresayhumanismo.com\/en\/resources\/corporate-social-responsibility-application-to-the-industrial-bakery-and-pastry-sector-in-spain\/","title":{"rendered":"Corporate social responsibility: application to the industrial bakery and pastry sector in Spain"},"content":{"rendered":"<p>The purpose of this paper is to study corporate social responsibility and the effect of its application on the consumer. To do so, economic literature is applied to the practical field, focusing on the industrial bakery and pastry sector in Spain. By analysing two companies in the sector, a social responsibility index is created that will determine which company is more socially responsible.<\/p>","protected":false},"featured_media":184,"template":"","tipologia_recurso":[6],"class_list":["post-125","recursos","type-recursos","status-publish","has-post-thumbnail","hentry","tipologia_recurso-cuadernos-de-trabajo"],"acf":[],"yoast_head":"<!-- This site is optimized with the Yoast SEO plugin v26.0 - https:\/\/yoast.com\/wordpress\/plugins\/seo\/ -->\n<title>Responsabilidad social corporativa: aplicaci\u00f3n al sector de panader\u00eda y boller\u00eda industrial en Espa\u00f1a - C\u00e1tedra de Empresa y Humanismo<\/title>\n<meta name=\"robots\" content=\"index, follow, max-snippet:-1, max-image-preview:large, max-video-preview:-1\" \/>\n<link rel=\"canonical\" href=\"https:\/\/www.catedradeempresayhumanismo.com\/en\/resources\/corporate-social-responsibility-application-to-the-industrial-bakery-and-pastry-sector-in-spain\/\" \/>\n<meta property=\"og:locale\" content=\"en_GB\" \/>\n<meta property=\"og:type\" content=\"article\" \/>\n<meta property=\"og:title\" content=\"Responsabilidad social corporativa: aplicaci\u00f3n al sector de panader\u00eda y boller\u00eda industrial en Espa\u00f1a - C\u00e1tedra de Empresa y Humanismo\" \/>\n<meta property=\"og:description\" content=\"El presente trabajo tiene como objeto el estudio de la responsabilidad social corporativa y el efecto de su aplicaci\u00f3n sobre el consumidor. Para ello se aplica la literatura econ\u00f3mica al \u00e1mbito pr\u00e1ctico, poniendo como foco el sector de la boller\u00eda y panader\u00eda industrial en Espa\u00f1a. Analizando dos empresas del sector, se crea un \u00edndice de [&hellip;]\" \/>\n<meta property=\"og:url\" content=\"https:\/\/www.catedradeempresayhumanismo.com\/en\/resources\/corporate-social-responsibility-application-to-the-industrial-bakery-and-pastry-sector-in-spain\/\" \/>\n<meta property=\"og:site_name\" content=\"C\u00e1tedra de Empresa y Humanismo\" \/>\n<meta property=\"article:modified_time\" content=\"2022-06-01T07:43:04+00:00\" \/>\n<meta property=\"og:image\" content=\"https:\/\/www.catedradeempresayhumanismo.com\/wp-content\/uploads\/2022\/05\/20.jpg\" \/>\n\t<meta property=\"og:image:width\" content=\"218\" \/>\n\t<meta property=\"og:image:height\" content=\"310\" \/>\n\t<meta property=\"og:image:type\" content=\"image\/jpeg\" \/>\n<meta name=\"twitter:card\" content=\"summary_large_image\" \/>\n<script type=\"application\/ld+json\" class=\"yoast-schema-graph\">{\"@context\":\"https:\/\/schema.org\",\"@graph\":[{\"@type\":\"WebPage\",\"@id\":\"https:\/\/www.catedradeempresayhumanismo.com\/recursos\/responsabilidad-social-corporativa-aplicacion-al-sector-de-panaderia-y-bolleria-industrial-en-espana\/\",\"url\":\"https:\/\/www.catedradeempresayhumanismo.com\/recursos\/responsabilidad-social-corporativa-aplicacion-al-sector-de-panaderia-y-bolleria-industrial-en-espana\/\",\"name\":\"Responsabilidad social corporativa: aplicaci\u00f3n al sector de panader\u00eda y boller\u00eda industrial en Espa\u00f1a - C\u00e1tedra de Empresa y Humanismo\",\"isPartOf\":{\"@id\":\"https:\/\/www.catedradeempresayhumanismo.com\/#website\"},\"primaryImageOfPage\":{\"@id\":\"https:\/\/www.catedradeempresayhumanismo.com\/recursos\/responsabilidad-social-corporativa-aplicacion-al-sector-de-panaderia-y-bolleria-industrial-en-espana\/#primaryimage\"},\"image\":{\"@id\":\"https:\/\/www.catedradeempresayhumanismo.com\/recursos\/responsabilidad-social-corporativa-aplicacion-al-sector-de-panaderia-y-bolleria-industrial-en-espana\/#primaryimage\"},\"thumbnailUrl\":\"https:\/\/www.catedradeempresayhumanismo.com\/wp-content\/uploads\/2022\/05\/20.jpg\",\"datePublished\":\"2022-05-30T14:59:28+00:00\",\"dateModified\":\"2022-06-01T07:43:04+00:00\",\"breadcrumb\":{\"@id\":\"https:\/\/www.catedradeempresayhumanismo.com\/recursos\/responsabilidad-social-corporativa-aplicacion-al-sector-de-panaderia-y-bolleria-industrial-en-espana\/#breadcrumb\"},\"inLanguage\":\"en-GB\",\"potentialAction\":[{\"@type\":\"ReadAction\",\"target\":[\"https:\/\/www.catedradeempresayhumanismo.com\/recursos\/responsabilidad-social-corporativa-aplicacion-al-sector-de-panaderia-y-bolleria-industrial-en-espana\/\"]}]},{\"@type\":\"ImageObject\",\"inLanguage\":\"en-GB\",\"@id\":\"https:\/\/www.catedradeempresayhumanismo.com\/recursos\/responsabilidad-social-corporativa-aplicacion-al-sector-de-panaderia-y-bolleria-industrial-en-espana\/#primaryimage\",\"url\":\"https:\/\/www.catedradeempresayhumanismo.com\/wp-content\/uploads\/2022\/05\/20.jpg\",\"contentUrl\":\"https:\/\/www.catedradeempresayhumanismo.com\/wp-content\/uploads\/2022\/05\/20.jpg\",\"width\":218,\"height\":310},{\"@type\":\"BreadcrumbList\",\"@id\":\"https:\/\/www.catedradeempresayhumanismo.com\/recursos\/responsabilidad-social-corporativa-aplicacion-al-sector-de-panaderia-y-bolleria-industrial-en-espana\/#breadcrumb\",\"itemListElement\":[{\"@type\":\"ListItem\",\"position\":1,\"name\":\"Portada\",\"item\":\"https:\/\/www.catedradeempresayhumanismo.com\/\"},{\"@type\":\"ListItem\",\"position\":2,\"name\":\"Recursos\",\"item\":\"https:\/\/www.catedradeempresayhumanismo.com\/recursos\/\"},{\"@type\":\"ListItem\",\"position\":3,\"name\":\"Responsabilidad social corporativa: aplicaci\u00f3n al sector de panader\u00eda y boller\u00eda industrial en Espa\u00f1a\"}]},{\"@type\":\"WebSite\",\"@id\":\"https:\/\/www.catedradeempresayhumanismo.com\/#website\",\"url\":\"https:\/\/www.catedradeempresayhumanismo.com\/\",\"name\":\"C\u00e1tedra de Empresa y Humanismo\",\"description\":\"Iniciativa de la Conseller\u00eda de Econom\u00eda Sostenible, Sectores Productivos, Comercio y Trabajo y la Universidad de Valencia.\",\"potentialAction\":[{\"@type\":\"SearchAction\",\"target\":{\"@type\":\"EntryPoint\",\"urlTemplate\":\"https:\/\/www.catedradeempresayhumanismo.com\/?s={search_term_string}\"},\"query-input\":{\"@type\":\"PropertyValueSpecification\",\"valueRequired\":true,\"valueName\":\"search_term_string\"}}],\"inLanguage\":\"en-GB\"}]}<\/script>\n<!-- \/ Yoast SEO plugin. -->","yoast_head_json":{"title":"Corporate social responsibility: application to the industrial bakery and pastry sector in Spain - C\u00e1tedra de Empresa y Humanismo","robots":{"index":"index","follow":"follow","max-snippet":"max-snippet:-1","max-image-preview":"max-image-preview:large","max-video-preview":"max-video-preview:-1"},"canonical":"https:\/\/www.catedradeempresayhumanismo.com\/en\/resources\/corporate-social-responsibility-application-to-the-industrial-bakery-and-pastry-sector-in-spain\/","og_locale":"en_GB","og_type":"article","og_title":"Responsabilidad social corporativa: aplicaci\u00f3n al sector de panader\u00eda y boller\u00eda industrial en Espa\u00f1a - C\u00e1tedra de Empresa y Humanismo","og_description":"El presente trabajo tiene como objeto el estudio de la responsabilidad social corporativa y el efecto de su aplicaci\u00f3n sobre el consumidor. Para ello se aplica la literatura econ\u00f3mica al \u00e1mbito pr\u00e1ctico, poniendo como foco el sector de la boller\u00eda y panader\u00eda industrial en Espa\u00f1a. Analizando dos empresas del sector, se crea un \u00edndice de [&hellip;]","og_url":"https:\/\/www.catedradeempresayhumanismo.com\/en\/resources\/corporate-social-responsibility-application-to-the-industrial-bakery-and-pastry-sector-in-spain\/","og_site_name":"C\u00e1tedra de Empresa y Humanismo","article_modified_time":"2022-06-01T07:43:04+00:00","og_image":[{"width":218,"height":310,"url":"https:\/\/www.catedradeempresayhumanismo.com\/wp-content\/uploads\/2022\/05\/20.jpg","type":"image\/jpeg"}],"twitter_card":"summary_large_image","schema":{"@context":"https:\/\/schema.org","@graph":[{"@type":"WebPage","@id":"https:\/\/www.catedradeempresayhumanismo.com\/recursos\/responsabilidad-social-corporativa-aplicacion-al-sector-de-panaderia-y-bolleria-industrial-en-espana\/","url":"https:\/\/www.catedradeempresayhumanismo.com\/recursos\/responsabilidad-social-corporativa-aplicacion-al-sector-de-panaderia-y-bolleria-industrial-en-espana\/","name":"Corporate social responsibility: application to the industrial bakery and pastry sector in Spain - C\u00e1tedra de Empresa y Humanismo","isPartOf":{"@id":"https:\/\/www.catedradeempresayhumanismo.com\/#website"},"primaryImageOfPage":{"@id":"https:\/\/www.catedradeempresayhumanismo.com\/recursos\/responsabilidad-social-corporativa-aplicacion-al-sector-de-panaderia-y-bolleria-industrial-en-espana\/#primaryimage"},"image":{"@id":"https:\/\/www.catedradeempresayhumanismo.com\/recursos\/responsabilidad-social-corporativa-aplicacion-al-sector-de-panaderia-y-bolleria-industrial-en-espana\/#primaryimage"},"thumbnailUrl":"https:\/\/www.catedradeempresayhumanismo.com\/wp-content\/uploads\/2022\/05\/20.jpg","datePublished":"2022-05-30T14:59:28+00:00","dateModified":"2022-06-01T07:43:04+00:00","breadcrumb":{"@id":"https:\/\/www.catedradeempresayhumanismo.com\/recursos\/responsabilidad-social-corporativa-aplicacion-al-sector-de-panaderia-y-bolleria-industrial-en-espana\/#breadcrumb"},"inLanguage":"en-GB","potentialAction":[{"@type":"ReadAction","target":["https:\/\/www.catedradeempresayhumanismo.com\/recursos\/responsabilidad-social-corporativa-aplicacion-al-sector-de-panaderia-y-bolleria-industrial-en-espana\/"]}]},{"@type":"ImageObject","inLanguage":"en-GB","@id":"https:\/\/www.catedradeempresayhumanismo.com\/recursos\/responsabilidad-social-corporativa-aplicacion-al-sector-de-panaderia-y-bolleria-industrial-en-espana\/#primaryimage","url":"https:\/\/www.catedradeempresayhumanismo.com\/wp-content\/uploads\/2022\/05\/20.jpg","contentUrl":"https:\/\/www.catedradeempresayhumanismo.com\/wp-content\/uploads\/2022\/05\/20.jpg","width":218,"height":310},{"@type":"BreadcrumbList","@id":"https:\/\/www.catedradeempresayhumanismo.com\/recursos\/responsabilidad-social-corporativa-aplicacion-al-sector-de-panaderia-y-bolleria-industrial-en-espana\/#breadcrumb","itemListElement":[{"@type":"ListItem","position":1,"name":"Portada","item":"https:\/\/www.catedradeempresayhumanismo.com\/"},{"@type":"ListItem","position":2,"name":"Recursos","item":"https:\/\/www.catedradeempresayhumanismo.com\/recursos\/"},{"@type":"ListItem","position":3,"name":"Responsabilidad social corporativa: aplicaci\u00f3n al sector de panader\u00eda y boller\u00eda industrial en Espa\u00f1a"}]},{"@type":"WebSite","@id":"https:\/\/www.catedradeempresayhumanismo.com\/#website","url":"https:\/\/www.catedradeempresayhumanismo.com\/","name":"Chair of Business and Humanism","description":"Initiative of the Ministry of Sustainable Economy, Productive Sectors, Trade and Employment and the University of Valencia.","potentialAction":[{"@type":"SearchAction","target":{"@type":"EntryPoint","urlTemplate":"https:\/\/www.catedradeempresayhumanismo.com\/?s={search_term_string}"},"query-input":{"@type":"PropertyValueSpecification","valueRequired":true,"valueName":"search_term_string"}}],"inLanguage":"en-GB"}]}},"_links":{"self":[{"href":"https:\/\/www.catedradeempresayhumanismo.com\/en\/wp-json\/wp\/v2\/recursos\/125","targetHints":{"allow":["GET"]}}],"collection":[{"href":"https:\/\/www.catedradeempresayhumanismo.com\/en\/wp-json\/wp\/v2\/recursos"}],"about":[{"href":"https:\/\/www.catedradeempresayhumanismo.com\/en\/wp-json\/wp\/v2\/types\/recursos"}],"wp:featuredmedia":[{"embeddable":true,"href":"https:\/\/www.catedradeempresayhumanismo.com\/en\/wp-json\/wp\/v2\/media\/184"}],"wp:attachment":[{"href":"https:\/\/www.catedradeempresayhumanismo.com\/en\/wp-json\/wp\/v2\/media?parent=125"}],"wp:term":[{"taxonomy":"tipologia_recurso","embeddable":true,"href":"https:\/\/www.catedradeempresayhumanismo.com\/en\/wp-json\/wp\/v2\/tipologia_recurso?post=125"}],"curies":[{"name":"wp","href":"https:\/\/api.w.org\/{rel}","templated":true}]}}

<!-- This site is optimized with the Yoast SEO plugin v26.0 - https://yoast.com/wordpress/plugins/seo/ -->
<title>Responsabilidad social corporativa: aplicación al sector de panadería y bollería industrial en España - Cátedra de Empresa y Humanismo</title>
<meta name="robots" content="index, follow, max-snippet:-1, max-image-preview:large, max-video-preview:-1" />
<link rel="canonical" href="https://www.catedradeempresayhumanismo.com/en/resources/corporate-social-responsibility-application-to-the-industrial-bakery-and-pastry-sector-in-spain/" />
<meta property="og:locale" content="en_GB" />
<meta property="og:type" content="article" />
<meta property="og:title" content="Responsabilidad social corporativa: aplicación al sector de panadería y bollería industrial en España - Cátedra de Empresa y Humanismo" />
<meta property="og:description" content="El presente trabajo tiene como objeto el estudio de la responsabilidad social corporativa y el efecto de su aplicación sobre el consumidor. Para ello se aplica la literatura económica al ámbito práctico, poniendo como foco el sector de la bollería y panadería industrial en España. Analizando dos empresas del sector, se crea un índice de [&hellip;]" />
<meta property="og:url" content="https://www.catedradeempresayhumanismo.com/en/resources/corporate-social-responsibility-application-to-the-industrial-bakery-and-pastry-sector-in-spain/" />
<meta property="og:site_name" content="Cátedra de Empresa y Humanismo" />
<meta property="article:modified_time" content="2022-06-01T07:43:04+00:00" />
<meta property="og:image" content="https://www.catedradeempresayhumanismo.com/wp-content/uploads/2022/05/20.jpg" />
	<meta property="og:image:width" content="218" />
	<meta property="og:image:height" content="310" />
	<meta property="og:image:type" content="image/jpeg" />
<meta name="twitter:card" content="summary_large_image" />
<script type="application/ld+json" class="yoast-schema-graph">{"@context":"https://schema.org","@graph":[{"@type":"WebPage","@id":"https://www.catedradeempresayhumanismo.com/recursos/responsabilidad-social-corporativa-aplicacion-al-sector-de-panaderia-y-bolleria-industrial-en-espana/","url":"https://www.catedradeempresayhumanismo.com/recursos/responsabilidad-social-corporativa-aplicacion-al-sector-de-panaderia-y-bolleria-industrial-en-espana/","name":"Responsabilidad social corporativa: aplicación al sector de panadería y bollería industrial en España - Cátedra de Empresa y Humanismo","isPartOf":{"@id":"https://www.catedradeempresayhumanismo.com/#website"},"primaryImageOfPage":{"@id":"https://www.catedradeempresayhumanismo.com/recursos/responsabilidad-social-corporativa-aplicacion-al-sector-de-panaderia-y-bolleria-industrial-en-espana/#primaryimage"},"image":{"@id":"https://www.catedradeempresayhumanismo.com/recursos/responsabilidad-social-corporativa-aplicacion-al-sector-de-panaderia-y-bolleria-industrial-en-espana/#primaryimage"},"thumbnailUrl":"https://www.catedradeempresayhumanismo.com/wp-content/uploads/2022/05/20.jpg","datePublished":"2022-05-30T14:59:28+00:00","dateModified":"2022-06-01T07:43:04+00:00","breadcrumb":{"@id":"https://www.catedradeempresayhumanismo.com/recursos/responsabilidad-social-corporativa-aplicacion-al-sector-de-panaderia-y-bolleria-industrial-en-espana/#breadcrumb"},"inLanguage":"en-GB","potentialAction":[{"@type":"ReadAction","target":["https://www.catedradeempresayhumanismo.com/recursos/responsabilidad-social-corporativa-aplicacion-al-sector-de-panaderia-y-bolleria-industrial-en-espana/"]}]},{"@type":"ImageObject","inLanguage":"en-GB","@id":"https://www.catedradeempresayhumanismo.com/recursos/responsabilidad-social-corporativa-aplicacion-al-sector-de-panaderia-y-bolleria-industrial-en-espana/#primaryimage","url":"https://www.catedradeempresayhumanismo.com/wp-content/uploads/2022/05/20.jpg","contentUrl":"https://www.catedradeempresayhumanismo.com/wp-content/uploads/2022/05/20.jpg","width":218,"height":310},{"@type":"BreadcrumbList","@id":"https://www.catedradeempresayhumanismo.com/recursos/responsabilidad-social-corporativa-aplicacion-al-sector-de-panaderia-y-bolleria-industrial-en-espana/#breadcrumb","itemListElement":[{"@type":"ListItem","position":1,"name":"Portada","item":"https://www.catedradeempresayhumanismo.com/"},{"@type":"ListItem","position":2,"name":"Recursos","item":"https://www.catedradeempresayhumanismo.com/recursos/"},{"@type":"ListItem","position":3,"name":"Responsabilidad social corporativa: aplicación al sector de panadería y bollería industrial en España"}]},{"@type":"WebSite","@id":"https://www.catedradeempresayhumanismo.com/#website","url":"https://www.catedradeempresayhumanismo.com/","name":"Cátedra de Empresa y Humanismo","description":"Iniciativa de la Consellería de Economía Sostenible, Sectores Productivos, Comercio y Trabajo y la Universidad de Valencia.","potentialAction":[{"@type":"SearchAction","target":{"@type":"EntryPoint","urlTemplate":"https://www.catedradeempresayhumanismo.com/?s={search_term_string}"},"query-input":{"@type":"PropertyValueSpecification","valueRequired":true,"valueName":"search_term_string"}}],"inLanguage":"en-GB"}]}</script>
<!-- / Yoast SEO plugin. -->

Corporate social responsibility: application to the industrial bakery and pastry sector in Spain - Cátedra de Empresa y Humanismo

Responsabilidad social corporativa: aplicación al sector de panadería y bollería industrial en España - Cátedra de Empresa y Humanismo

El presente trabajo tiene como objeto el estudio de la responsabilidad social corporativa y el efecto de su aplicación sobre el consumidor. Para ello se aplica la literatura económica al ámbito práctico, poniendo como foco el sector de la bollería y panadería industrial en España. Analizando dos empresas del sector, se crea un índice de [&hellip;]

Cátedra de Empresa y Humanismo

Responsabilidad social corporativa: aplicación al sector de panadería y bollería industrial en España
