{"id":536,"date":"2023-02-10T13:32:26","date_gmt":"2023-02-10T13:32:26","guid":{"rendered":"http:\/\/localhost:8888\/ctdr\/?page_id=536"},"modified":"2023-02-10T15:38:57","modified_gmt":"2023-02-10T15:38:57","slug":"chairs-for-sustainability-2","status":"publish","type":"page","link":"https:\/\/www.catedradeempresayhumanismo.com\/en\/chairs-for-sustainability-2\/","title":{"rendered":"Chairs for Sustainability"},"content":{"rendered":"","protected":false},"excerpt":{"rendered":"","protected":false},"author":3,"featured_media":0,"parent":0,"menu_order":0,"comment_status":"closed","ping_status":"closed","template":"","meta":{"_acf_changed":false,"inline_featured_image":false,"footnotes":""},"class_list":["post-536","page","type-page","status-publish","hentry"],"acf":[],"yoast_head":"<!-- This site is optimized with the Yoast SEO plugin v26.0 - https:\/\/yoast.com\/wordpress\/plugins\/seo\/ -->\n<title>C\u00e0tedres per la Sostenibilitat - C\u00e1tedra de Empresa y Humanismo<\/title>\n<meta name=\"description\" content=\"En aquesta jornada anem exposar els principals reptes de futur que hem d&#039;afrontar per al desenvolupament d&#039;un sistema econ\u00f2mic, social i mediambientalment sostenible. Aix\u00ed mateix repassarem les contribucions de les C\u00e0tedres d&#039;Economia del B\u00e9 Com\u00fa, d&#039;Economia Feminista i d&#039;Empresa i Humanisme, que des de 2016 i gr\u00e0cies al suport de Conselleria d&#039;Economia Sostenible, Sectors Productius, Comer\u00e7 i Treball de la GVA, creen i difonen coneixement \u00fatil per a donar respostes a aquests desafiaments.\" \/>\n<meta name=\"robots\" content=\"index, follow, max-snippet:-1, max-image-preview:large, max-video-preview:-1\" \/>\n<link rel=\"canonical\" href=\"https:\/\/www.catedradeempresayhumanismo.com\/en\/chairs-for-sustainability-2\/\" \/>\n<meta property=\"og:locale\" content=\"en_GB\" \/>\n<meta property=\"og:type\" content=\"article\" \/>\n<meta property=\"og:title\" content=\"C\u00e0tedres per la Sostenibilitat - C\u00e1tedra de Empresa y Humanismo\" \/>\n<meta property=\"og:description\" content=\"En aquesta jornada anem exposar els principals reptes de futur que hem d&#039;afrontar per al desenvolupament d&#039;un sistema econ\u00f2mic, social i mediambientalment sostenible. Aix\u00ed mateix repassarem les contribucions de les C\u00e0tedres d&#039;Economia del B\u00e9 Com\u00fa, d&#039;Economia Feminista i d&#039;Empresa i Humanisme, que des de 2016 i gr\u00e0cies al suport de Conselleria d&#039;Economia Sostenible, Sectors Productius, Comer\u00e7 i Treball de la GVA, creen i difonen coneixement \u00fatil per a donar respostes a aquests desafiaments.\" \/>\n<meta property=\"og:url\" content=\"https:\/\/www.catedradeempresayhumanismo.com\/en\/chairs-for-sustainability-2\/\" \/>\n<meta property=\"og:site_name\" content=\"C\u00e1tedra de Empresa y Humanismo\" \/>\n<meta property=\"article:modified_time\" content=\"2023-02-10T15:38:57+00:00\" \/>\n<meta property=\"og:image\" content=\"https:\/\/www.catedradeempresayhumanismo.com\/wp-content\/uploads\/2022\/06\/logo-catedra-1.jpeg\" \/>\n\t<meta property=\"og:image:width\" content=\"240\" \/>\n\t<meta property=\"og:image:height\" content=\"240\" \/>\n\t<meta property=\"og:image:type\" content=\"image\/jpeg\" \/>\n<meta name=\"twitter:card\" content=\"summary_large_image\" \/>\n<script type=\"application\/ld+json\" class=\"yoast-schema-graph\">{\"@context\":\"https:\/\/schema.org\",\"@graph\":[{\"@type\":\"WebPage\",\"@id\":\"https:\/\/www.catedradeempresayhumanismo.com\/catedres-per-la-sostenibilitat\/\",\"url\":\"https:\/\/www.catedradeempresayhumanismo.com\/catedres-per-la-sostenibilitat\/\",\"name\":\"C\u00e0tedres per la Sostenibilitat - C\u00e1tedra de Empresa y Humanismo\",\"isPartOf\":{\"@id\":\"https:\/\/www.catedradeempresayhumanismo.com\/#website\"},\"datePublished\":\"2023-02-10T13:32:26+00:00\",\"dateModified\":\"2023-02-10T15:38:57+00:00\",\"description\":\"En aquesta jornada anem exposar els principals reptes de futur que hem d'afrontar per al desenvolupament d'un sistema econ\u00f2mic, social i mediambientalment sostenible. Aix\u00ed mateix repassarem les contribucions de les C\u00e0tedres d'Economia del B\u00e9 Com\u00fa, d'Economia Feminista i d'Empresa i Humanisme, que des de 2016 i gr\u00e0cies al suport de Conselleria d'Economia Sostenible, Sectors Productius, Comer\u00e7 i Treball de la GVA, creen i difonen coneixement \u00fatil per a donar respostes a aquests desafiaments.\",\"breadcrumb\":{\"@id\":\"https:\/\/www.catedradeempresayhumanismo.com\/catedres-per-la-sostenibilitat\/#breadcrumb\"},\"inLanguage\":\"en-GB\",\"potentialAction\":[{\"@type\":\"ReadAction\",\"target\":[\"https:\/\/www.catedradeempresayhumanismo.com\/catedres-per-la-sostenibilitat\/\"]}]},{\"@type\":\"BreadcrumbList\",\"@id\":\"https:\/\/www.catedradeempresayhumanismo.com\/catedres-per-la-sostenibilitat\/#breadcrumb\",\"itemListElement\":[{\"@type\":\"ListItem\",\"position\":1,\"name\":\"Portada\",\"item\":\"https:\/\/www.catedradeempresayhumanismo.com\/\"},{\"@type\":\"ListItem\",\"position\":2,\"name\":\"C\u00e0tedres per la Sostenibilitat\"}]},{\"@type\":\"WebSite\",\"@id\":\"https:\/\/www.catedradeempresayhumanismo.com\/#website\",\"url\":\"https:\/\/www.catedradeempresayhumanismo.com\/\",\"name\":\"C\u00e1tedra de Empresa y Humanismo\",\"description\":\"Iniciativa de la Conseller\u00eda de Econom\u00eda Sostenible, Sectores Productivos, Comercio y Trabajo y la Universidad de Valencia.\",\"potentialAction\":[{\"@type\":\"SearchAction\",\"target\":{\"@type\":\"EntryPoint\",\"urlTemplate\":\"https:\/\/www.catedradeempresayhumanismo.com\/?s={search_term_string}\"},\"query-input\":{\"@type\":\"PropertyValueSpecification\",\"valueRequired\":true,\"valueName\":\"search_term_string\"}}],\"inLanguage\":\"en-GB\"}]}<\/script>\n<!-- \/ Yoast SEO plugin. -->","yoast_head_json":{"title":"Chairs for Sustainability - C\u00e1tedra de Empresa y Humanismo","description":"On this day we will present the main future issues that we must face for the development of an economic, social and environmentally sustainable system. We will also review the contributions of the Chairs of the B\u00e9 Com\u00fa Economy, Feminist Economy, Business and Humanism, which since 2016 and thanks to the support of the Conselleria d&#039;Economia Sostenible, Productius Sectors, Commerce and Work of the GVA, believe and provide useful information for donating. respond to these challenges.","robots":{"index":"index","follow":"follow","max-snippet":"max-snippet:-1","max-image-preview":"max-image-preview:large","max-video-preview":"max-video-preview:-1"},"canonical":"https:\/\/www.catedradeempresayhumanismo.com\/en\/chairs-for-sustainability-2\/","og_locale":"en_GB","og_type":"article","og_title":"C\u00e0tedres per la Sostenibilitat - C\u00e1tedra de Empresa y Humanismo","og_description":"En aquesta jornada anem exposar els principals reptes de futur que hem d'afrontar per al desenvolupament d'un sistema econ\u00f2mic, social i mediambientalment sostenible. Aix\u00ed mateix repassarem les contribucions de les C\u00e0tedres d'Economia del B\u00e9 Com\u00fa, d'Economia Feminista i d'Empresa i Humanisme, que des de 2016 i gr\u00e0cies al suport de Conselleria d'Economia Sostenible, Sectors Productius, Comer\u00e7 i Treball de la GVA, creen i difonen coneixement \u00fatil per a donar respostes a aquests desafiaments.","og_url":"https:\/\/www.catedradeempresayhumanismo.com\/en\/chairs-for-sustainability-2\/","og_site_name":"C\u00e1tedra de Empresa y Humanismo","article_modified_time":"2023-02-10T15:38:57+00:00","og_image":[{"width":240,"height":240,"url":"https:\/\/www.catedradeempresayhumanismo.com\/wp-content\/uploads\/2022\/06\/logo-catedra-1.jpeg","type":"image\/jpeg"}],"twitter_card":"summary_large_image","schema":{"@context":"https:\/\/schema.org","@graph":[{"@type":"WebPage","@id":"https:\/\/www.catedradeempresayhumanismo.com\/catedres-per-la-sostenibilitat\/","url":"https:\/\/www.catedradeempresayhumanismo.com\/catedres-per-la-sostenibilitat\/","name":"Chairs for Sustainability - C\u00e1tedra de Empresa y Humanismo","isPartOf":{"@id":"https:\/\/www.catedradeempresayhumanismo.com\/#website"},"datePublished":"2023-02-10T13:32:26+00:00","dateModified":"2023-02-10T15:38:57+00:00","description":"On this day we will present the main future issues that we must face for the development of an economic, social and environmentally sustainable system. We will also review the contributions of the Chairs of the B\u00e9 Com\u00fa Economy, Feminist Economy, Business and Humanism, which since 2016 and thanks to the support of the Conselleria d&#039;Economia Sostenible, Productius Sectors, Commerce and Work of the GVA, believe and provide useful information for donating. respond to these challenges.","breadcrumb":{"@id":"https:\/\/www.catedradeempresayhumanismo.com\/catedres-per-la-sostenibilitat\/#breadcrumb"},"inLanguage":"en-GB","potentialAction":[{"@type":"ReadAction","target":["https:\/\/www.catedradeempresayhumanismo.com\/catedres-per-la-sostenibilitat\/"]}]},{"@type":"BreadcrumbList","@id":"https:\/\/www.catedradeempresayhumanismo.com\/catedres-per-la-sostenibilitat\/#breadcrumb","itemListElement":[{"@type":"ListItem","position":1,"name":"Portada","item":"https:\/\/www.catedradeempresayhumanismo.com\/"},{"@type":"ListItem","position":2,"name":"C\u00e0tedres per la Sostenibilitat"}]},{"@type":"WebSite","@id":"https:\/\/www.catedradeempresayhumanismo.com\/#website","url":"https:\/\/www.catedradeempresayhumanismo.com\/","name":"Chair of Business and Humanism","description":"Initiative of the Ministry of Sustainable Economy, Productive Sectors, Trade and Employment and the University of Valencia.","potentialAction":[{"@type":"SearchAction","target":{"@type":"EntryPoint","urlTemplate":"https:\/\/www.catedradeempresayhumanismo.com\/?s={search_term_string}"},"query-input":{"@type":"PropertyValueSpecification","valueRequired":true,"valueName":"search_term_string"}}],"inLanguage":"en-GB"}]}},"_links":{"self":[{"href":"https:\/\/www.catedradeempresayhumanismo.com\/en\/wp-json\/wp\/v2\/pages\/536","targetHints":{"allow":["GET"]}}],"collection":[{"href":"https:\/\/www.catedradeempresayhumanismo.com\/en\/wp-json\/wp\/v2\/pages"}],"about":[{"href":"https:\/\/www.catedradeempresayhumanismo.com\/en\/wp-json\/wp\/v2\/types\/page"}],"author":[{"embeddable":true,"href":"https:\/\/www.catedradeempresayhumanismo.com\/en\/wp-json\/wp\/v2\/users\/3"}],"replies":[{"embeddable":true,"href":"https:\/\/www.catedradeempresayhumanismo.com\/en\/wp-json\/wp\/v2\/comments?post=536"}],"version-history":[{"count":1,"href":"https:\/\/www.catedradeempresayhumanismo.com\/en\/wp-json\/wp\/v2\/pages\/536\/revisions"}],"predecessor-version":[{"id":537,"href":"https:\/\/www.catedradeempresayhumanismo.com\/en\/wp-json\/wp\/v2\/pages\/536\/revisions\/537"}],"wp:attachment":[{"href":"https:\/\/www.catedradeempresayhumanismo.com\/en\/wp-json\/wp\/v2\/media?parent=536"}],"curies":[{"name":"wp","href":"https:\/\/api.w.org\/{rel}","templated":true}]}}

<!-- This site is optimized with the Yoast SEO plugin v26.0 - https://yoast.com/wordpress/plugins/seo/ -->
<title>Càtedres per la Sostenibilitat - Cátedra de Empresa y Humanismo</title>
<meta name="description" content="En aquesta jornada anem exposar els principals reptes de futur que hem d&#039;afrontar per al desenvolupament d&#039;un sistema econòmic, social i mediambientalment sostenible. Així mateix repassarem les contribucions de les Càtedres d&#039;Economia del Bé Comú, d&#039;Economia Feminista i d&#039;Empresa i Humanisme, que des de 2016 i gràcies al suport de Conselleria d&#039;Economia Sostenible, Sectors Productius, Comerç i Treball de la GVA, creen i difonen coneixement útil per a donar respostes a aquests desafiaments." />
<meta name="robots" content="index, follow, max-snippet:-1, max-image-preview:large, max-video-preview:-1" />
<link rel="canonical" href="https://www.catedradeempresayhumanismo.com/en/chairs-for-sustainability-2/" />
<meta property="og:locale" content="en_GB" />
<meta property="og:type" content="article" />
<meta property="og:title" content="Càtedres per la Sostenibilitat - Cátedra de Empresa y Humanismo" />
<meta property="og:description" content="En aquesta jornada anem exposar els principals reptes de futur que hem d&#039;afrontar per al desenvolupament d&#039;un sistema econòmic, social i mediambientalment sostenible. Així mateix repassarem les contribucions de les Càtedres d&#039;Economia del Bé Comú, d&#039;Economia Feminista i d&#039;Empresa i Humanisme, que des de 2016 i gràcies al suport de Conselleria d&#039;Economia Sostenible, Sectors Productius, Comerç i Treball de la GVA, creen i difonen coneixement útil per a donar respostes a aquests desafiaments." />
<meta property="og:url" content="https://www.catedradeempresayhumanismo.com/en/chairs-for-sustainability-2/" />
<meta property="og:site_name" content="Cátedra de Empresa y Humanismo" />
<meta property="article:modified_time" content="2023-02-10T15:38:57+00:00" />
<meta property="og:image" content="https://www.catedradeempresayhumanismo.com/wp-content/uploads/2022/06/logo-catedra-1.jpeg" />
	<meta property="og:image:width" content="240" />
	<meta property="og:image:height" content="240" />
	<meta property="og:image:type" content="image/jpeg" />
<meta name="twitter:card" content="summary_large_image" />
<script type="application/ld+json" class="yoast-schema-graph">{"@context":"https://schema.org","@graph":[{"@type":"WebPage","@id":"https://www.catedradeempresayhumanismo.com/catedres-per-la-sostenibilitat/","url":"https://www.catedradeempresayhumanismo.com/catedres-per-la-sostenibilitat/","name":"Càtedres per la Sostenibilitat - Cátedra de Empresa y Humanismo","isPartOf":{"@id":"https://www.catedradeempresayhumanismo.com/#website"},"datePublished":"2023-02-10T13:32:26+00:00","dateModified":"2023-02-10T15:38:57+00:00","description":"En aquesta jornada anem exposar els principals reptes de futur que hem d'afrontar per al desenvolupament d'un sistema econòmic, social i mediambientalment sostenible. Així mateix repassarem les contribucions de les Càtedres d'Economia del Bé Comú, d'Economia Feminista i d'Empresa i Humanisme, que des de 2016 i gràcies al suport de Conselleria d'Economia Sostenible, Sectors Productius, Comerç i Treball de la GVA, creen i difonen coneixement útil per a donar respostes a aquests desafiaments.","breadcrumb":{"@id":"https://www.catedradeempresayhumanismo.com/catedres-per-la-sostenibilitat/#breadcrumb"},"inLanguage":"en-GB","potentialAction":[{"@type":"ReadAction","target":["https://www.catedradeempresayhumanismo.com/catedres-per-la-sostenibilitat/"]}]},{"@type":"BreadcrumbList","@id":"https://www.catedradeempresayhumanismo.com/catedres-per-la-sostenibilitat/#breadcrumb","itemListElement":[{"@type":"ListItem","position":1,"name":"Portada","item":"https://www.catedradeempresayhumanismo.com/"},{"@type":"ListItem","position":2,"name":"Càtedres per la Sostenibilitat"}]},{"@type":"WebSite","@id":"https://www.catedradeempresayhumanismo.com/#website","url":"https://www.catedradeempresayhumanismo.com/","name":"Cátedra de Empresa y Humanismo","description":"Iniciativa de la Consellería de Economía Sostenible, Sectores Productivos, Comercio y Trabajo y la Universidad de Valencia.","potentialAction":[{"@type":"SearchAction","target":{"@type":"EntryPoint","urlTemplate":"https://www.catedradeempresayhumanismo.com/?s={search_term_string}"},"query-input":{"@type":"PropertyValueSpecification","valueRequired":true,"valueName":"search_term_string"}}],"inLanguage":"en-GB"}]}</script>
<!-- / Yoast SEO plugin. -->

Chairs for Sustainability - Cátedra de Empresa y Humanismo

On this day we will present the main future issues that we must face for the development of an economic, social and environmentally sustainable system. We will also review the contributions of the Chairs of the Bé Comú Economy, Feminist Economy, Business and Humanism, which since 2016 and thanks to the support of the Conselleria d&#039;Economia Sostenible, Productius Sectors, Commerce and Work of the GVA, believe and provide useful information for donating. respond to these challenges.

Càtedres per la Sostenibilitat - Cátedra de Empresa y Humanismo

En aquesta jornada anem exposar els principals reptes de futur que hem d'afrontar per al desenvolupament d'un sistema econòmic, social i mediambientalment sostenible. Així mateix repassarem les contribucions de les Càtedres d'Economia del Bé Comú, d'Economia Feminista i d'Empresa i Humanisme, que des de 2016 i gràcies al suport de Conselleria d'Economia Sostenible, Sectors Productius, Comerç i Treball de la GVA, creen i difonen coneixement útil per a donar respostes a aquests desafiaments.

Cátedra de Empresa y Humanismo

Càtedres per la Sostenibilitat
