{"id":499,"date":"2023-02-08T14:03:17","date_gmt":"2023-02-08T14:03:17","guid":{"rendered":"http:\/\/localhost:8888\/ctdr\/?page_id=499"},"modified":"2023-03-06T23:25:52","modified_gmt":"2023-03-06T23:25:52","slug":"chairs-for-sustainability","status":"publish","type":"page","link":"https:\/\/www.catedradeempresayhumanismo.com\/en\/chairs-for-sustainability\/","title":{"rendered":"Chairs for sustainability"},"content":{"rendered":"","protected":false},"excerpt":{"rendered":"","protected":false},"author":3,"featured_media":0,"parent":0,"menu_order":0,"comment_status":"closed","ping_status":"closed","template":"","meta":{"_acf_changed":false,"inline_featured_image":false,"footnotes":""},"class_list":["post-499","page","type-page","status-publish","hentry"],"acf":[],"yoast_head":"<!-- This site is optimized with the Yoast SEO plugin v26.0 - https:\/\/yoast.com\/wordpress\/plugins\/seo\/ -->\n<title>C\u00e1tedras por la sostenibilidad - C\u00e1tedra de Empresa y Humanismo<\/title>\n<meta name=\"description\" content=\"En esta jornada vamos exponer los principales retos de futuro que debemos afrontar para el desarrollo de un sistema econ\u00f3mico, social y medioambientalmente sostenible. As\u00ed mismo repasaremos las contribuciones de las C\u00e1tedras de Econom\u00eda del Bien Com\u00fan, de Econom\u00eda Feminista y de Empresa y Humanismo, que desde 2016 y gracias al apoyo de a Conselleria de Econom\u00eda Sostenible, Sectores Productivos, Comercio y Trabajo de la GVA, crean y difunden conocimiento \u00fatil para dar respuestas a estos desaf\u00edos.\" \/>\n<meta name=\"robots\" content=\"index, follow, max-snippet:-1, max-image-preview:large, max-video-preview:-1\" \/>\n<link rel=\"canonical\" href=\"https:\/\/www.catedradeempresayhumanismo.com\/en\/chairs-for-sustainability\/\" \/>\n<meta property=\"og:locale\" content=\"en_GB\" \/>\n<meta property=\"og:type\" content=\"article\" \/>\n<meta property=\"og:title\" content=\"C\u00e1tedras por la sostenibilidad - C\u00e1tedra de Empresa y Humanismo\" \/>\n<meta property=\"og:description\" content=\"En esta jornada vamos exponer los principales retos de futuro que debemos afrontar para el desarrollo de un sistema econ\u00f3mico, social y medioambientalmente sostenible. As\u00ed mismo repasaremos las contribuciones de las C\u00e1tedras de Econom\u00eda del Bien Com\u00fan, de Econom\u00eda Feminista y de Empresa y Humanismo, que desde 2016 y gracias al apoyo de a Conselleria de Econom\u00eda Sostenible, Sectores Productivos, Comercio y Trabajo de la GVA, crean y difunden conocimiento \u00fatil para dar respuestas a estos desaf\u00edos.\" \/>\n<meta property=\"og:url\" content=\"https:\/\/www.catedradeempresayhumanismo.com\/en\/chairs-for-sustainability\/\" \/>\n<meta property=\"og:site_name\" content=\"C\u00e1tedra de Empresa y Humanismo\" \/>\n<meta property=\"article:modified_time\" content=\"2023-03-06T23:25:52+00:00\" \/>\n<meta property=\"og:image\" content=\"https:\/\/www.catedradeempresayhumanismo.com\/wp-content\/uploads\/2022\/06\/logo-catedra-1.jpeg\" \/>\n\t<meta property=\"og:image:width\" content=\"240\" \/>\n\t<meta property=\"og:image:height\" content=\"240\" \/>\n\t<meta property=\"og:image:type\" content=\"image\/jpeg\" \/>\n<meta name=\"twitter:card\" content=\"summary_large_image\" \/>\n<script type=\"application\/ld+json\" class=\"yoast-schema-graph\">{\"@context\":\"https:\/\/schema.org\",\"@graph\":[{\"@type\":\"WebPage\",\"@id\":\"https:\/\/www.catedradeempresayhumanismo.com\/catedras-por-la-sostenibilidad\/\",\"url\":\"https:\/\/www.catedradeempresayhumanismo.com\/catedras-por-la-sostenibilidad\/\",\"name\":\"C\u00e1tedras por la sostenibilidad - C\u00e1tedra de Empresa y Humanismo\",\"isPartOf\":{\"@id\":\"https:\/\/www.catedradeempresayhumanismo.com\/#website\"},\"datePublished\":\"2023-02-08T14:03:17+00:00\",\"dateModified\":\"2023-03-06T23:25:52+00:00\",\"description\":\"En esta jornada vamos exponer los principales retos de futuro que debemos afrontar para el desarrollo de un sistema econ\u00f3mico, social y medioambientalmente sostenible. As\u00ed mismo repasaremos las contribuciones de las C\u00e1tedras de Econom\u00eda del Bien Com\u00fan, de Econom\u00eda Feminista y de Empresa y Humanismo, que desde 2016 y gracias al apoyo de a Conselleria de Econom\u00eda Sostenible, Sectores Productivos, Comercio y Trabajo de la GVA, crean y difunden conocimiento \u00fatil para dar respuestas a estos desaf\u00edos.\",\"breadcrumb\":{\"@id\":\"https:\/\/www.catedradeempresayhumanismo.com\/catedras-por-la-sostenibilidad\/#breadcrumb\"},\"inLanguage\":\"en-GB\",\"potentialAction\":[{\"@type\":\"ReadAction\",\"target\":[\"https:\/\/www.catedradeempresayhumanismo.com\/catedras-por-la-sostenibilidad\/\"]}]},{\"@type\":\"BreadcrumbList\",\"@id\":\"https:\/\/www.catedradeempresayhumanismo.com\/catedras-por-la-sostenibilidad\/#breadcrumb\",\"itemListElement\":[{\"@type\":\"ListItem\",\"position\":1,\"name\":\"Portada\",\"item\":\"https:\/\/www.catedradeempresayhumanismo.com\/\"},{\"@type\":\"ListItem\",\"position\":2,\"name\":\"C\u00e1tedras por la sostenibilidad\"}]},{\"@type\":\"WebSite\",\"@id\":\"https:\/\/www.catedradeempresayhumanismo.com\/#website\",\"url\":\"https:\/\/www.catedradeempresayhumanismo.com\/\",\"name\":\"C\u00e1tedra de Empresa y Humanismo\",\"description\":\"Iniciativa de la Conseller\u00eda de Econom\u00eda Sostenible, Sectores Productivos, Comercio y Trabajo y la Universidad de Valencia.\",\"potentialAction\":[{\"@type\":\"SearchAction\",\"target\":{\"@type\":\"EntryPoint\",\"urlTemplate\":\"https:\/\/www.catedradeempresayhumanismo.com\/?s={search_term_string}\"},\"query-input\":{\"@type\":\"PropertyValueSpecification\",\"valueRequired\":true,\"valueName\":\"search_term_string\"}}],\"inLanguage\":\"en-GB\"}]}<\/script>\n<!-- \/ Yoast SEO plugin. -->","yoast_head_json":{"title":"Chairs for sustainability - C\u00e1tedra de Empresa y Humanismo","description":"In this session we will present the main future challenges that we must face for the development of an economically, socially and environmentally sustainable system. We will also review the contributions of the Chairs of Economy for the Common Good, Feminist Economy and Business and Humanism, which since 2016 and thanks to the support of the Department of Sustainable Economy, Productive Sectors, Trade and Employment of the GVA, create and disseminate useful knowledge to respond to these challenges.","robots":{"index":"index","follow":"follow","max-snippet":"max-snippet:-1","max-image-preview":"max-image-preview:large","max-video-preview":"max-video-preview:-1"},"canonical":"https:\/\/www.catedradeempresayhumanismo.com\/en\/chairs-for-sustainability\/","og_locale":"en_GB","og_type":"article","og_title":"C\u00e1tedras por la sostenibilidad - C\u00e1tedra de Empresa y Humanismo","og_description":"En esta jornada vamos exponer los principales retos de futuro que debemos afrontar para el desarrollo de un sistema econ\u00f3mico, social y medioambientalmente sostenible. As\u00ed mismo repasaremos las contribuciones de las C\u00e1tedras de Econom\u00eda del Bien Com\u00fan, de Econom\u00eda Feminista y de Empresa y Humanismo, que desde 2016 y gracias al apoyo de a Conselleria de Econom\u00eda Sostenible, Sectores Productivos, Comercio y Trabajo de la GVA, crean y difunden conocimiento \u00fatil para dar respuestas a estos desaf\u00edos.","og_url":"https:\/\/www.catedradeempresayhumanismo.com\/en\/chairs-for-sustainability\/","og_site_name":"C\u00e1tedra de Empresa y Humanismo","article_modified_time":"2023-03-06T23:25:52+00:00","og_image":[{"width":240,"height":240,"url":"https:\/\/www.catedradeempresayhumanismo.com\/wp-content\/uploads\/2022\/06\/logo-catedra-1.jpeg","type":"image\/jpeg"}],"twitter_card":"summary_large_image","schema":{"@context":"https:\/\/schema.org","@graph":[{"@type":"WebPage","@id":"https:\/\/www.catedradeempresayhumanismo.com\/catedras-por-la-sostenibilidad\/","url":"https:\/\/www.catedradeempresayhumanismo.com\/catedras-por-la-sostenibilidad\/","name":"Chairs for sustainability - C\u00e1tedra de Empresa y Humanismo","isPartOf":{"@id":"https:\/\/www.catedradeempresayhumanismo.com\/#website"},"datePublished":"2023-02-08T14:03:17+00:00","dateModified":"2023-03-06T23:25:52+00:00","description":"In this session we will present the main future challenges that we must face for the development of an economically, socially and environmentally sustainable system. We will also review the contributions of the Chairs of Economy for the Common Good, Feminist Economy and Business and Humanism, which since 2016 and thanks to the support of the Department of Sustainable Economy, Productive Sectors, Trade and Employment of the GVA, create and disseminate useful knowledge to respond to these challenges.","breadcrumb":{"@id":"https:\/\/www.catedradeempresayhumanismo.com\/catedras-por-la-sostenibilidad\/#breadcrumb"},"inLanguage":"en-GB","potentialAction":[{"@type":"ReadAction","target":["https:\/\/www.catedradeempresayhumanismo.com\/catedras-por-la-sostenibilidad\/"]}]},{"@type":"BreadcrumbList","@id":"https:\/\/www.catedradeempresayhumanismo.com\/catedras-por-la-sostenibilidad\/#breadcrumb","itemListElement":[{"@type":"ListItem","position":1,"name":"Portada","item":"https:\/\/www.catedradeempresayhumanismo.com\/"},{"@type":"ListItem","position":2,"name":"C\u00e1tedras por la sostenibilidad"}]},{"@type":"WebSite","@id":"https:\/\/www.catedradeempresayhumanismo.com\/#website","url":"https:\/\/www.catedradeempresayhumanismo.com\/","name":"Chair of Business and Humanism","description":"Initiative of the Ministry of Sustainable Economy, Productive Sectors, Trade and Employment and the University of Valencia.","potentialAction":[{"@type":"SearchAction","target":{"@type":"EntryPoint","urlTemplate":"https:\/\/www.catedradeempresayhumanismo.com\/?s={search_term_string}"},"query-input":{"@type":"PropertyValueSpecification","valueRequired":true,"valueName":"search_term_string"}}],"inLanguage":"en-GB"}]}},"_links":{"self":[{"href":"https:\/\/www.catedradeempresayhumanismo.com\/en\/wp-json\/wp\/v2\/pages\/499","targetHints":{"allow":["GET"]}}],"collection":[{"href":"https:\/\/www.catedradeempresayhumanismo.com\/en\/wp-json\/wp\/v2\/pages"}],"about":[{"href":"https:\/\/www.catedradeempresayhumanismo.com\/en\/wp-json\/wp\/v2\/types\/page"}],"author":[{"embeddable":true,"href":"https:\/\/www.catedradeempresayhumanismo.com\/en\/wp-json\/wp\/v2\/users\/3"}],"replies":[{"embeddable":true,"href":"https:\/\/www.catedradeempresayhumanismo.com\/en\/wp-json\/wp\/v2\/comments?post=499"}],"version-history":[{"count":1,"href":"https:\/\/www.catedradeempresayhumanismo.com\/en\/wp-json\/wp\/v2\/pages\/499\/revisions"}],"predecessor-version":[{"id":500,"href":"https:\/\/www.catedradeempresayhumanismo.com\/en\/wp-json\/wp\/v2\/pages\/499\/revisions\/500"}],"wp:attachment":[{"href":"https:\/\/www.catedradeempresayhumanismo.com\/en\/wp-json\/wp\/v2\/media?parent=499"}],"curies":[{"name":"wp","href":"https:\/\/api.w.org\/{rel}","templated":true}]}}

<!-- This site is optimized with the Yoast SEO plugin v26.0 - https://yoast.com/wordpress/plugins/seo/ -->
<title>Cátedras por la sostenibilidad - Cátedra de Empresa y Humanismo</title>
<meta name="description" content="En esta jornada vamos exponer los principales retos de futuro que debemos afrontar para el desarrollo de un sistema económico, social y medioambientalmente sostenible. Así mismo repasaremos las contribuciones de las Cátedras de Economía del Bien Común, de Economía Feminista y de Empresa y Humanismo, que desde 2016 y gracias al apoyo de a Conselleria de Economía Sostenible, Sectores Productivos, Comercio y Trabajo de la GVA, crean y difunden conocimiento útil para dar respuestas a estos desafíos." />
<meta name="robots" content="index, follow, max-snippet:-1, max-image-preview:large, max-video-preview:-1" />
<link rel="canonical" href="https://www.catedradeempresayhumanismo.com/en/chairs-for-sustainability/" />
<meta property="og:locale" content="en_GB" />
<meta property="og:type" content="article" />
<meta property="og:title" content="Cátedras por la sostenibilidad - Cátedra de Empresa y Humanismo" />
<meta property="og:description" content="En esta jornada vamos exponer los principales retos de futuro que debemos afrontar para el desarrollo de un sistema económico, social y medioambientalmente sostenible. Así mismo repasaremos las contribuciones de las Cátedras de Economía del Bien Común, de Economía Feminista y de Empresa y Humanismo, que desde 2016 y gracias al apoyo de a Conselleria de Economía Sostenible, Sectores Productivos, Comercio y Trabajo de la GVA, crean y difunden conocimiento útil para dar respuestas a estos desafíos." />
<meta property="og:url" content="https://www.catedradeempresayhumanismo.com/en/chairs-for-sustainability/" />
<meta property="og:site_name" content="Cátedra de Empresa y Humanismo" />
<meta property="article:modified_time" content="2023-03-06T23:25:52+00:00" />
<meta property="og:image" content="https://www.catedradeempresayhumanismo.com/wp-content/uploads/2022/06/logo-catedra-1.jpeg" />
	<meta property="og:image:width" content="240" />
	<meta property="og:image:height" content="240" />
	<meta property="og:image:type" content="image/jpeg" />
<meta name="twitter:card" content="summary_large_image" />
<script type="application/ld+json" class="yoast-schema-graph">{"@context":"https://schema.org","@graph":[{"@type":"WebPage","@id":"https://www.catedradeempresayhumanismo.com/catedras-por-la-sostenibilidad/","url":"https://www.catedradeempresayhumanismo.com/catedras-por-la-sostenibilidad/","name":"Cátedras por la sostenibilidad - Cátedra de Empresa y Humanismo","isPartOf":{"@id":"https://www.catedradeempresayhumanismo.com/#website"},"datePublished":"2023-02-08T14:03:17+00:00","dateModified":"2023-03-06T23:25:52+00:00","description":"En esta jornada vamos exponer los principales retos de futuro que debemos afrontar para el desarrollo de un sistema económico, social y medioambientalmente sostenible. Así mismo repasaremos las contribuciones de las Cátedras de Economía del Bien Común, de Economía Feminista y de Empresa y Humanismo, que desde 2016 y gracias al apoyo de a Conselleria de Economía Sostenible, Sectores Productivos, Comercio y Trabajo de la GVA, crean y difunden conocimiento útil para dar respuestas a estos desafíos.","breadcrumb":{"@id":"https://www.catedradeempresayhumanismo.com/catedras-por-la-sostenibilidad/#breadcrumb"},"inLanguage":"en-GB","potentialAction":[{"@type":"ReadAction","target":["https://www.catedradeempresayhumanismo.com/catedras-por-la-sostenibilidad/"]}]},{"@type":"BreadcrumbList","@id":"https://www.catedradeempresayhumanismo.com/catedras-por-la-sostenibilidad/#breadcrumb","itemListElement":[{"@type":"ListItem","position":1,"name":"Portada","item":"https://www.catedradeempresayhumanismo.com/"},{"@type":"ListItem","position":2,"name":"Cátedras por la sostenibilidad"}]},{"@type":"WebSite","@id":"https://www.catedradeempresayhumanismo.com/#website","url":"https://www.catedradeempresayhumanismo.com/","name":"Cátedra de Empresa y Humanismo","description":"Iniciativa de la Consellería de Economía Sostenible, Sectores Productivos, Comercio y Trabajo y la Universidad de Valencia.","potentialAction":[{"@type":"SearchAction","target":{"@type":"EntryPoint","urlTemplate":"https://www.catedradeempresayhumanismo.com/?s={search_term_string}"},"query-input":{"@type":"PropertyValueSpecification","valueRequired":true,"valueName":"search_term_string"}}],"inLanguage":"en-GB"}]}</script>
<!-- / Yoast SEO plugin. -->

Chairs for sustainability - Cátedra de Empresa y Humanismo

Cátedras por la sostenibilidad - Cátedra de Empresa y Humanismo

En esta jornada vamos exponer los principales retos de futuro que debemos afrontar para el desarrollo de un sistema económico, social y medioambientalmente sostenible. Así mismo repasaremos las contribuciones de las Cátedras de Economía del Bien Común, de Economía Feminista y de Empresa y Humanismo, que desde 2016 y gracias al apoyo de a Conselleria de Economía Sostenible, Sectores Productivos, Comercio y Trabajo de la GVA, crean y difunden conocimiento útil para dar respuestas a estos desafíos.

Cátedra de Empresa y Humanismo

Cátedras por la sostenibilidad
